{"id":416,"date":"2014-10-24T11:35:58","date_gmt":"2014-10-24T11:35:58","guid":{"rendered":"http:\/\/cab.eu\/wordpress?page_id=416"},"modified":"2021-09-10T12:25:12","modified_gmt":"2021-09-10T12:25:12","slug":"web","status":"publish","type":"page","link":"https:\/\/cab.eu\/?page_id=416","title":{"rendered":"Web"},"content":{"rendered":"<h3>Webdesign<\/h3>\n<p>Der erste Eindruck z\u00e4hlt! Sie haben nur einmal die Chance, diesen zu hinterlassen!<\/p>\n<h5><em>Wir entwickeln Ihren Internetauftritt und sorgen f\u00fcr professionelle Umsetzung!<\/em><\/h5>\n<p>Webdesign ist das Gesicht Ihres Unternehmens und umfasst als Disziplin des Mediendesigns die visuelle, funktionale und strukturelle Gestaltung von Websites f\u00fcr das Internet. Die visuelle Wahrnehmung von Webauftritten im Internet ist grunds\u00e4tzlich abh\u00e4ngig von den allgemeinen Gesetzm\u00e4\u00dfigkeiten der visuellen Kommunikation. Der Prozess der Informationsaufnahme durch den Besucher wird wesentlich durch die grafische Gestaltung der Website beeinflusst. Ihr Internetauftritt muss daher einzigartig sein und auf den ersten Blick wiedergeben, was Ihr Unternehmen ausmacht. Ob einfache Selbstdarstellung, umfangreiches Informationsangebot oder professioneller Onlineshop;<br \/>\nGemeinsam entwickeln wir mit Ihnen ein kreatives Konzept f\u00fcr einen modernen Webauftritt.<\/p>\n<p style=\"text-align: justify;\"><a href=\"https:\/\/cab.eu\/wp-content\/uploads\/2015\/01\/slide6a.jpg\"><img loading=\"lazy\" class=\"alignnone size-full wp-image-539\" src=\"https:\/\/cab.eu\/wp-content\/uploads\/2015\/01\/slide6a.jpg\" alt=\"\" width=\"951\" height=\"350\" srcset=\"https:\/\/cab.eu\/wp-content\/uploads\/2015\/01\/slide6a.jpg 951w, https:\/\/cab.eu\/wp-content\/uploads\/2015\/01\/slide6a-300x110.jpg 300w, https:\/\/cab.eu\/wp-content\/uploads\/2015\/01\/slide6a-480x176.jpg 480w\" sizes=\"(max-width: 951px) 100vw, 951px\" \/><\/a><\/p>\n<h4>Barrierefreiheit und Mobile Ger\u00e4te<\/h4>\n<p style=\"text-align: justify;\">Neben dem professionellen Transport von Information und Corporate Identity geht es bei der Entwicklung von Websites auch um die Benutzerfreundlichkeit.Die angebotenen Inhalte sollen im Sinne der Barrierefreiheit m\u00f6glichst vielen Menschen zug\u00e4nglich sein. Das beinhaltet die Unterst\u00fctzung verschiedener Webbrowser und z.B. mobiler Endger\u00e4te (Smartphones, Tablets usw.), das Angebot von Alternativen zu Medieninhalten sowie die Unterst\u00fctzung von Benutzern mit speziellen Eingabemethoden.<br \/>\nMit neuster Webtechnologien (Responsive Webdesign) sorgen wir daf\u00fcr, dass sich Ihre Internetseiten auf Tablets und Smartphones automatisch anpasst. Durch Modernes und funktionales Design f\u00fchrt Ihr Auftritt auch auf kleinen Bildschirmen zum Erfolg!<\/p>\n<h4>Ihre Seiten bei Google und Co.<\/h4>\n<p style=\"text-align: justify;\">Die beste und sch\u00f6nste\u00a0 Internetauftritt n\u00fctzt Ihnen nichts, wenn dieser nicht gefunden wird! Suchmaschinenoptimierung oder Search Engine Optimization bezeichnet Ma\u00dfnahmen, die dazu dienen, dass Ihre Webseiten auf Suchmaschinen wie Google, Yahoo usw. in den unbezahlten Suchergebnissen auf h\u00f6heren Pl\u00e4tzen erscheinen. Wir \u00fcbernehmen f\u00fcr Sie den Eintrag in den wichtigsten Suchmaschienen und die Optimierung Ihrer Seiten und bieten dabei einen einen Rundum-Service!<\/p>\n<h4>Inhalte jederzeit selbst \u00e4ndern<\/h4>\n<p style=\"text-align: justify;\">Durch die Nutzung von Content Management Systemen, werden die Inhalte Ihres Webauftrittes unabh\u00e4ngig und jederzeit von Ihnen selbst \u00e4nderbar.Durch modernster Systeme wie WordPress, Joomla oder Typo3 k\u00f6nnen Sie Ihre Seiten direkt und ganz einfach selbst bearbeiten und pflegen, auch wenn Sie kein Internetprofi sind. So halten Sie Ihren Auftritt immer aktuell.<\/p>\n<h4>Internet Fullservice<\/h4>\n<p style=\"text-align: justify;\">Gerne bieten wir Ihnen einen kompletten Fullsevice an. Von der Recherche und Registrierung eines Domainnamens \u00fcber Konzeption, Programmierung und Hosting Ihrer Seiten bis hin zur Betreuung. Und das alles aus einer Hand. Einfach Professionell.<\/p>\n","protected":false},"excerpt":{"rendered":"<p>Webdesign Der erste Eindruck z\u00e4hlt! Sie haben nur einmal die Chance, diesen zu hinterlassen! Wir entwickeln Ihren Internetauftritt und sorgen f\u00fcr professionelle Umsetzung! Webdesign ist das Gesicht Ihres Unternehmens und umfasst als Disziplin des Mediendesigns die visuelle, funktionale und strukturelle<\/p>\n","protected":false},"author":1,"featured_media":0,"parent":0,"menu_order":0,"comment_status":"closed","ping_status":"closed","template":"","meta":[],"_links":{"self":[{"href":"https:\/\/cab.eu\/index.php?rest_route=\/wp\/v2\/pages\/416"}],"collection":[{"href":"https:\/\/cab.eu\/index.php?rest_route=\/wp\/v2\/pages"}],"about":[{"href":"https:\/\/cab.eu\/index.php?rest_route=\/wp\/v2\/types\/page"}],"author":[{"embeddable":true,"href":"https:\/\/cab.eu\/index.php?rest_route=\/wp\/v2\/users\/1"}],"replies":[{"embeddable":true,"href":"https:\/\/cab.eu\/index.php?rest_route=%2Fwp%2Fv2%2Fcomments&post=416"}],"version-history":[{"count":20,"href":"https:\/\/cab.eu\/index.php?rest_route=\/wp\/v2\/pages\/416\/revisions"}],"predecessor-version":[{"id":748,"href":"https:\/\/cab.eu\/index.php?rest_route=\/wp\/v2\/pages\/416\/revisions\/748"}],"wp:attachment":[{"href":"https:\/\/cab.eu\/index.php?rest_route=%2Fwp%2Fv2%2Fmedia&parent=416"}],"curies":[{"name":"wp","href":"https:\/\/api.w.org\/{rel}","templated":true}]}}